{"id":121,"date":"2018-03-20T12:35:37","date_gmt":"2018-03-20T12:35:37","guid":{"rendered":"http:\/\/bridge191.qodeinteractive.com\/?page_id=121"},"modified":"2023-12-04T16:03:08","modified_gmt":"2023-12-04T15:03:08","slug":"contact","status":"publish","type":"page","link":"https:\/\/www.charpente-evasion-bois.fr\/index.php\/contact\/","title":{"rendered":"Contact"},"content":{"rendered":"<p>[vc_row css_animation=\u00a0\u00bb\u00a0\u00bb row_type=\u00a0\u00bbrow\u00a0\u00bb use_row_as_full_screen_section=\u00a0\u00bbno\u00a0\u00bb type=\u00a0\u00bbgrid\u00a0\u00bb angled_section=\u00a0\u00bbno\u00a0\u00bb text_align=\u00a0\u00bbcenter\u00a0\u00bb background_image_as_pattern=\u00a0\u00bbwithout_pattern\u00a0\u00bb z_index=\u00a0\u00bb\u00a0\u00bb css=\u00a0\u00bb.vc_custom_1521549096509{background-color: #fafafa !important;}\u00a0\u00bb][vc_column][vc_row_inner row_type=\u00a0\u00bbrow\u00a0\u00bb type=\u00a0\u00bbgrid\u00a0\u00bb text_align=\u00a0\u00bbleft\u00a0\u00bb css_animation=\u00a0\u00bb\u00a0\u00bb css=\u00a0\u00bb.vc_custom_1521549516378{padding-top: 115px !important;}\u00a0\u00bb][vc_column_inner offset=\u00a0\u00bbvc_col-md-6&Prime;][qode_elements_holder number_of_columns=\u00a0\u00bbone_column\u00a0\u00bb][qode_elements_holder_item advanced_animations=\u00a0\u00bbno\u00a0\u00bb item_padding=\u00a0\u00bb0px 6% 0px 0px\u00a0\u00bb item_padding_600_768=\u00a0\u00bb0px\u00a0\u00bb item_padding_480_600=\u00a0\u00bb0px\u00a0\u00bb item_padding_480=\u00a0\u00bb0px\u00a0\u00bb][contact-form-7 id=\u00a0\u00bb214&Prime; html_class=\u00a0\u00bbcf7_custom_style_1&Prime;][vc_empty_space height=\u00a0\u00bb30px\u00a0\u00bb][\/qode_elements_holder_item][\/qode_elements_holder][\/vc_column_inner][vc_column_inner offset=\u00a0\u00bbvc_col-md-6&Prime;][vc_column_text]<\/p>\n<h2>Contact<\/h2>\n<p>[\/vc_column_text][vc_empty_space height=\u00a0\u00bb10px\u00a0\u00bb][vc_column_text]La soci\u00e9t\u00e9 CHARPENTE \u00c9VASION BOIS est situ\u00e9e en Mayenne (53) et se d\u00e9place pour vos chantiers dans tout l\u2019ouest de la France. Pour tout renseignement ou demande de devis, nous vous invitons \u00e0 prendre contact avec nous.[\/vc_column_text][vc_empty_space height=\u00a0\u00bb20px\u00a0\u00bb]<div class=\"q_icon_list\"><i class=\"qodef-icon-dripicons dripicon dripicons-location qode-ili-icon-holder transparent\" style=\"font-size: 18px;color: #d8a639;\" ><\/i><p style=\"color:#858585;font-size: 16px;font-weight: 400;margin-bottom: 0px;\">33 rue de Bretagne 53230 Coss\u00e9 le Vivien<\/p><\/div><div class=\"q_icon_list\"><i class=\"qodef-icon-dripicons dripicon dripicons-mail qode-ili-icon-holder transparent\" style=\"font-size: 18px;color: #d8a639;\" ><\/i><p style=\"color:#858585;font-size: 16px;font-weight: 400;margin-bottom: 0px;\">charpente.evasionbois@naca.fr<\/p><\/div><div class=\"q_icon_list\"><i class=\"qodef-icon-dripicons dripicon dripicons-phone qode-ili-icon-holder transparent\" style=\"font-size: 18px;color: #d8a639;\" ><\/i><p style=\"color:#858585;font-size: 16px;font-weight: 400;margin-bottom: 0px;\">Bureau - 02.43.10.02.65<\/p><\/div><div class=\"q_icon_list\"><i class=\"qodef-icon-dripicons dripicon dripicons-phone qode-ili-icon-holder transparent\" style=\"font-size: 18px;color: #d8a639;\" ><\/i><p style=\"color:#858585;font-size: 16px;font-weight: 400;margin-bottom: 0px;\">Nicolas - 06.37.08.56.36<\/p><\/div><div class=\"q_icon_list\"><i class=\"qodef-icon-dripicons dripicon dripicons-phone qode-ili-icon-holder transparent\" style=\"font-size: 18px;color: #d8a639;\" ><\/i><p style=\"color:#858585;font-size: 16px;font-weight: 400;margin-bottom: 0px;\">Charly - 06.72.61.56.15<\/p><\/div>[vc_empty_space height=\u00a0\u00bb30px\u00a0\u00bb][\/vc_column_inner][\/vc_row_inner][\/vc_column][\/vc_row][vc_row css_animation=\u00a0\u00bb\u00a0\u00bb row_type=\u00a0\u00bbrow\u00a0\u00bb use_row_as_full_screen_section=\u00a0\u00bbno\u00a0\u00bb type=\u00a0\u00bbgrid\u00a0\u00bb angled_section=\u00a0\u00bbno\u00a0\u00bb text_align=\u00a0\u00bbleft\u00a0\u00bb background_image_as_pattern=\u00a0\u00bbwithout_pattern\u00a0\u00bb z_index=\u00a0\u00bb\u00a0\u00bb css=\u00a0\u00bb.vc_custom_1521549562713{padding-bottom: 120px !important;}\u00a0\u00bb][vc_column][vc_gmaps link=\u00a0\u00bb#E-8_JTNDaWZyYW1lJTIwc3JjJTNEJTIyaHR0cHMlM0ElMkYlMkZ3d3cuZ29vZ2xlLmNvbSUyRm1hcHMlMkZlbWJlZCUzRnBiJTNEJTIxMW0xOCUyMTFtMTIlMjExbTMlMjExZDI2NzIuNDczNTEzODExOTk4JTIxMmQtMC45MTgwNTYyODQzNTc2NTU3JTIxM2Q0Ny45NDY1NjY4NzkyMDg2NyUyMTJtMyUyMTFmMCUyMTJmMCUyMTNmMCUyMTNtMiUyMTFpMTAyNCUyMTJpNzY4JTIxNGYxMy4xJTIxM20zJTIxMW0yJTIxMXMweDAlMjUzQTB4NTMzMDI3NzJmMTE4NWQ1JTIxMnNDaGFycGVudGUlMjUyMEV2YXNpb24lMjUyMEJvaXMlMjE1ZTAlMjEzbTIlMjExc2ZyJTIxMnNmciUyMTR2MTU3NTI3ODUzODI4NiUyMTVtMiUyMTFzZnIlMjEyc2ZyJTIyJTIwd2lkdGglM0QlMjIxMzAwJTIyJTIwaGVpZ2h0JTNEJTIyNTAwJTIyJTIwZnJhbWVib3JkZXIlM0QlMjIwJTIyJTIwc3R5bGUlM0QlMjJib3JkZXIlM0EwJTNCJTIyJTIwYWxsb3dmdWxsc2NyZWVuJTNEJTIyJTIyJTNFJTNDJTJGaWZyYW1lJTNF\u00a0\u00bb][\/vc_column][\/vc_row]<\/p>\n","protected":false},"excerpt":{"rendered":"<p>[vc_row css_animation=\u00a0\u00bb\u00a0\u00bb row_type=\u00a0\u00bbrow\u00a0\u00bb use_row_as_full_screen_section=\u00a0\u00bbno\u00a0\u00bb type=\u00a0\u00bbgrid\u00a0\u00bb angled_section=\u00a0\u00bbno\u00a0\u00bb text_align=\u00a0\u00bbcenter\u00a0\u00bb background_image_as_pattern=\u00a0\u00bbwithout_pattern\u00a0\u00bb z_index=\u00a0\u00bb\u00a0\u00bb css=\u00a0\u00bb.vc_custom_1521549096509{background-color: #fafafa !important;}\u00a0\u00bb][vc_column][vc_row_inner row_type=\u00a0\u00bbrow\u00a0\u00bb type=\u00a0\u00bbgrid\u00a0\u00bb text_align=\u00a0\u00bbleft\u00a0\u00bb css_animation=\u00a0\u00bb\u00a0\u00bb css=\u00a0\u00bb.vc_custom_1521549516378{padding-top: 115px !important;}\u00a0\u00bb][vc_column_inner offset=\u00a0\u00bbvc_col-md-6&Prime;][qode_elements_holder number_of_columns=\u00a0\u00bbone_column\u00a0\u00bb][qode_elements_holder_item advanced_animations=\u00a0\u00bbno\u00a0\u00bb item_padding=\u00a0\u00bb0px 6% 0px 0px\u00a0\u00bb item_padding_600_768=\u00a0\u00bb0px\u00a0\u00bb item_padding_480_600=\u00a0\u00bb0px\u00a0\u00bb item_padding_480=\u00a0\u00bb0px\u00a0\u00bb][contact-form-7 id=\u00a0\u00bb214&Prime; html_class=\u00a0\u00bbcf7_custom_style_1&Prime;][vc_empty_space height=\u00a0\u00bb30px\u00a0\u00bb][\/qode_elements_holder_item][\/qode_elements_holder][\/vc_column_inner][vc_column_inner offset=\u00a0\u00bbvc_col-md-6&Prime;][vc_column_text] Contact [\/vc_column_text][vc_empty_space height=\u00a0\u00bb10px\u00a0\u00bb][vc_column_text]La soci\u00e9t\u00e9 CHARPENTE \u00c9VASION BOIS est situ\u00e9e en Mayenne (53)&#8230;<\/p>\n","protected":false},"author":1,"featured_media":0,"parent":0,"menu_order":0,"comment_status":"closed","ping_status":"closed","template":"full_width.php","meta":{"footnotes":""},"class_list":["post-121","page","type-page","status-publish","hentry"],"_links":{"self":[{"href":"https:\/\/www.charpente-evasion-bois.fr\/index.php\/wp-json\/wp\/v2\/pages\/121","targetHints":{"allow":["GET"]}}],"collection":[{"href":"https:\/\/www.charpente-evasion-bois.fr\/index.php\/wp-json\/wp\/v2\/pages"}],"about":[{"href":"https:\/\/www.charpente-evasion-bois.fr\/index.php\/wp-json\/wp\/v2\/types\/page"}],"author":[{"embeddable":true,"href":"https:\/\/www.charpente-evasion-bois.fr\/index.php\/wp-json\/wp\/v2\/users\/1"}],"replies":[{"embeddable":true,"href":"https:\/\/www.charpente-evasion-bois.fr\/index.php\/wp-json\/wp\/v2\/comments?post=121"}],"version-history":[{"count":5,"href":"https:\/\/www.charpente-evasion-bois.fr\/index.php\/wp-json\/wp\/v2\/pages\/121\/revisions"}],"predecessor-version":[{"id":399,"href":"https:\/\/www.charpente-evasion-bois.fr\/index.php\/wp-json\/wp\/v2\/pages\/121\/revisions\/399"}],"wp:attachment":[{"href":"https:\/\/www.charpente-evasion-bois.fr\/index.php\/wp-json\/wp\/v2\/media?parent=121"}],"curies":[{"name":"wp","href":"https:\/\/api.w.org\/{rel}","templated":true}]}}